{"id":24,"date":"2010-08-18T15:50:35","date_gmt":"2010-08-18T13:50:35","guid":{"rendered":"https:\/\/www.radnotfaja.ro\/?page_id=24"},"modified":"2010-08-19T22:54:20","modified_gmt":"2010-08-19T20:54:20","slug":"a-tombhaznegyedbeli-templom","status":"publish","type":"page","link":"https:\/\/www.radnotfaja.ro\/?page_id=24","title":{"rendered":"A t\u00f6mbh\u00e1znegyed-mell\u00e9ki templom"},"content":{"rendered":"<p style=\"text-align: justify;\"><a href=\"https:\/\/www.radnotfaja.ro\/wp-content\/uploads\/2010\/08\/montazs-rgb-web2.jpg\"><img loading=\"lazy\" decoding=\"async\" class=\"size-medium wp-image-60 alignright\" title=\"\u00daj templom el\u0151ln\u00e9zet\" src=\"https:\/\/www.radnotfaja.ro\/wp-content\/uploads\/2010\/08\/montazs-rgb-web2-300x265.jpg\" alt=\"\u00daj templom el\u0151ln\u00e9zet\" width=\"300\" height=\"265\" srcset=\"https:\/\/www.radnotfaja.ro\/wp-content\/uploads\/2010\/08\/montazs-rgb-web2-300x265.jpg 300w, https:\/\/www.radnotfaja.ro\/wp-content\/uploads\/2010\/08\/montazs-rgb-web2.jpg 380w\" sizes=\"auto, (max-width: 300px) 100vw, 300px\" \/><\/a><\/p>\n<p style=\"text-align: justify;\">A Maros jobb partj\u00e1n, a Radn\u00f3tf\u00e1ji \u00e9s Fogaras t\u00f6mbh\u00e1z-negyedek k\u00f6zel\u00e9ben az egyh\u00e1zk\u00f6zs\u00e9g \u00e1llamos\u00edtott f\u00f6ldjeire, a gy\u00fclekezet \u00e1ltal 2000-ben v\u00e1s\u00e1rolt csal\u00e1di h\u00e1z \u00e1t\u00e9p\u00edt\u00e9s\u00e9vel, M\u00fcller Csaba m\u0171\u00e9p\u00edt\u0151mester tervei alapj\u00e1n az itt \u00e9l\u0151 reform\u00e1tusok sz\u00e1m\u00e1ra egy \u00faj, imm\u00e1r hatodik templom \u00a0\u00e9p\u00fclt.<\/p>\n<p style=\"text-align: justify;\"><div id='gallery-1' class='gallery galleryid-24 gallery-columns-3 gallery-size-thumbnail'><dl class='gallery-item'>\n\t\t\t<dt class='gallery-icon landscape'>\n\t\t\t\t<a href='https:\/\/www.radnotfaja.ro\/wp-content\/uploads\/2010\/08\/Picture-645-web.jpg'><img loading=\"lazy\" decoding=\"async\" width=\"150\" height=\"150\" src=\"https:\/\/www.radnotfaja.ro\/wp-content\/uploads\/2010\/08\/Picture-645-web-150x150.jpg\" class=\"attachment-thumbnail size-thumbnail\" alt=\"tet\u0151t\u00e9r\" \/><\/a>\n\t\t\t<\/dt><\/dl><dl class='gallery-item'>\n\t\t\t<dt class='gallery-icon landscape'>\n\t\t\t\t<a href='https:\/\/www.radnotfaja.ro\/wp-content\/uploads\/2010\/08\/montazs-rgb-web2.jpg'><img loading=\"lazy\" decoding=\"async\" width=\"150\" height=\"150\" src=\"https:\/\/www.radnotfaja.ro\/wp-content\/uploads\/2010\/08\/montazs-rgb-web2-150x150.jpg\" class=\"attachment-thumbnail size-thumbnail\" alt=\"\u00daj templom el\u0151ln\u00e9zet\" \/><\/a>\n\t\t\t<\/dt><\/dl><dl class='gallery-item'>\n\t\t\t<dt class='gallery-icon landscape'>\n\t\t\t\t<a href='https:\/\/www.radnotfaja.ro\/wp-content\/uploads\/2010\/08\/Picture-649-web.jpg'><img loading=\"lazy\" decoding=\"async\" width=\"150\" height=\"150\" src=\"https:\/\/www.radnotfaja.ro\/wp-content\/uploads\/2010\/08\/Picture-649-web-150x150.jpg\" class=\"attachment-thumbnail size-thumbnail\" alt=\"\" \/><\/a>\n\t\t\t<\/dt><\/dl><br style=\"clear: both\" \/><dl class='gallery-item'>\n\t\t\t<dt class='gallery-icon portrait'>\n\t\t\t\t<a href='https:\/\/www.radnotfaja.ro\/wp-content\/uploads\/2010\/08\/Picture-663-web1.jpg'><img loading=\"lazy\" decoding=\"async\" width=\"150\" height=\"150\" src=\"https:\/\/www.radnotfaja.ro\/wp-content\/uploads\/2010\/08\/Picture-663-web1-150x150.jpg\" class=\"attachment-thumbnail size-thumbnail\" alt=\"\" \/><\/a>\n\t\t\t<\/dt><\/dl><dl class='gallery-item'>\n\t\t\t<dt class='gallery-icon landscape'>\n\t\t\t\t<a href='https:\/\/www.radnotfaja.ro\/wp-content\/uploads\/2010\/08\/Picture-670-web1.jpg'><img loading=\"lazy\" decoding=\"async\" width=\"150\" height=\"150\" src=\"https:\/\/www.radnotfaja.ro\/wp-content\/uploads\/2010\/08\/Picture-670-web1-150x150.jpg\" class=\"attachment-thumbnail size-thumbnail\" alt=\"\" \/><\/a>\n\t\t\t<\/dt><\/dl>\n\t\t\t<br style='clear: both' \/>\n\t\t<\/div>\n<\/p>\n<p style=\"text-align: justify;\">\n<p style=\"text-align: justify;\">\n<p style=\"text-align: justify;\">\n","protected":false},"excerpt":{"rendered":"<p>A Maros jobb partj\u00e1n, a Radn\u00f3tf\u00e1ji \u00e9s Fogaras t\u00f6mbh\u00e1z-negyedek k\u00f6zel\u00e9ben az egyh\u00e1zk\u00f6zs\u00e9g \u00e1llamos\u00edtott f\u00f6ldjeire, a gy\u00fclekezet \u00e1ltal 2000-ben v\u00e1s\u00e1rolt csal\u00e1di h\u00e1z \u00e1t\u00e9p\u00edt\u00e9s\u00e9vel, M\u00fcller Csaba m\u0171\u00e9p\u00edt\u0151mester tervei alapj\u00e1n az itt \u00e9l\u0151 reform\u00e1tusok sz\u00e1m\u00e1ra egy \u00faj, imm\u00e1r hatodik templom \u00a0\u00e9p\u00fclt.<\/p>\n","protected":false},"author":1,"featured_media":0,"parent":13,"menu_order":2,"comment_status":"open","ping_status":"closed","template":"","meta":{"_monsterinsights_skip_tracking":false,"_monsterinsights_sitenote_active":false,"_monsterinsights_sitenote_note":"","_monsterinsights_sitenote_category":0,"footnotes":""},"class_list":["post-24","page","type-page","status-publish","hentry"],"_links":{"self":[{"href":"https:\/\/www.radnotfaja.ro\/index.php?rest_route=\/wp\/v2\/pages\/24","targetHints":{"allow":["GET"]}}],"collection":[{"href":"https:\/\/www.radnotfaja.ro\/index.php?rest_route=\/wp\/v2\/pages"}],"about":[{"href":"https:\/\/www.radnotfaja.ro\/index.php?rest_route=\/wp\/v2\/types\/page"}],"author":[{"embeddable":true,"href":"https:\/\/www.radnotfaja.ro\/index.php?rest_route=\/wp\/v2\/users\/1"}],"replies":[{"embeddable":true,"href":"https:\/\/www.radnotfaja.ro\/index.php?rest_route=%2Fwp%2Fv2%2Fcomments&post=24"}],"version-history":[{"count":12,"href":"https:\/\/www.radnotfaja.ro\/index.php?rest_route=\/wp\/v2\/pages\/24\/revisions"}],"predecessor-version":[{"id":55,"href":"https:\/\/www.radnotfaja.ro\/index.php?rest_route=\/wp\/v2\/pages\/24\/revisions\/55"}],"up":[{"embeddable":true,"href":"https:\/\/www.radnotfaja.ro\/index.php?rest_route=\/wp\/v2\/pages\/13"}],"wp:attachment":[{"href":"https:\/\/www.radnotfaja.ro\/index.php?rest_route=%2Fwp%2Fv2%2Fmedia&parent=24"}],"curies":[{"name":"wp","href":"https:\/\/api.w.org\/{rel}","templated":true}]}}